10111 (base 2) to base 12.
47
Convert -9903 (base 13) to base 12.
-103a9
-86 (base 15) to base 7
-240
-12013123 (base 4) to base 8
-60733
-42023 (base 5) to base 8
-5313
What is 27732 (base 11) in base 2?
1001101000111001
Convert -514 (base 11) to base 16.
-26c
Convert 32273 (base 10) to base 6.
405225
Convert -2626 (base 9) to base 16.
-7b0
3052 (base 13) to base 6
50454
Convert 160 (base 7) to base 6.
231
Convert -102 (base 5) to base 16.
-1b
714 (base 14) to base 9
1814
What is -110010110 (base 2) in base 5?
-3111
-6260 (base 9) to base 13
-2121
What is 1100110110 (base 2) in base 13?
4b3
Convert 6851 (base 10) to base 12.
3b6b
-2332 (base 10) to base 11
-1830
Convert -14477 (base 8) to base 12.
-38a7
Convert 34032 (base 8) to base 7.
56605
What is 1024304 (base 6) in base 7?
266266
Convert -10321 (base 4) to base 6.
-1241
-1041 (base 12) to base 6
-12121
Convert -1001111100 (base 2) to base 15.
-2c6
-12300201 (base 4) to base 3
-1101222020
Convert 11010210 (base 3) to base 2.
101111001010
What is -2044 (base 6) in base 2?
-111001100
Convert -681 (base 10) to base 7.
-1662
Convert 111200 (base 6) to base 13.
4350
Convert 3232 (base 5) to base 6.
2014
What is 35450 (base 7) in base 11?
6968
-801 (base 14) to base 15
-6e9
What is 934 (base 16) in base 14?
c04
Convert -27d2 (base 16) to base 4.
-2133102
Convert -867 (base 11) to base 4.
-100101
What is -4101 (base 6) in base 2?
-1110000101
1671 (base 8) to base 5
12303
What is 1105 (base 7) in base 3?
112201
330 (base 7) to base 9
206
What is -1033 (base 6) in base 9?
-283
Convert -342 (base 6) to base 9.
-158
What is 755 (base 11) in base 6?
4111
4b1 (base 13) to base 12
584
Convert -111443 (base 5) to base 7.
-14441
Convert -204420 (base 5) to base 16.
-1acc
-1214d (base 14) to base 8
-126211
What is 529d (base 15) in base 9?
25864
3a2 (base 14) to base 16
2da
What is 14b79 (base 13) in base 10?
39308
What is 11112 (base 3) in base 8?
172
Convert 14a99 (base 14) to base 13.
1a587
-42461 (base 7) to base 5
-314104
What is -158 (base 15) in base 14?
-180
Convert -c99 (base 15) to base 10.
-2844
1023 (base 5) to base 7
255
-2226 (base 7) to base 4
-30210
Convert -2737 (base 13) to base 5.
-134443
Convert -28352 (base 9) to base 13.
-89b4
What is 18662 (base 9) in base 10?
12935
-a6b (base 15) to base 7
-6566
3966 (base 10) to base 5
111331
-b515 (base 12) to base 7
-111365
10150 (base 7) to base 2
100110110101
-bd7 (base 15) to base 4
-221311
What is 8155 (base 10) in base 5?
230110
What is 1001001000000 (base 2) in base 7?
16423
Convert -11100101111111 (base 2) to base 15.
-4564
Convert 21021212 (base 3) to base 11.
3aa2
Convert -53 (base 8) to base 15.
-2d
What is 1010010110100 (base 2) in base 13?
2549
What is 332113 (base 4) in base 13?
1a80
What is 13517 (base 10) in base 15?
4012
What is -165461 (base 7) in base 15?
-9c62
Convert -1320 (base 8) to base 9.
-880
Convert -15c7 (base 15) to base 14.
-19cb
-153124 (base 8) to base 13
-1bc88
21132301 (base 4) to base 9
58237
Convert 122 (base 15) to base 8.
401
Convert 78a6 (base 12) to base 10.
13374
10403 (base 7) to base 10
2600
Convert 255541 (base 6) to base 7.
124660
126112 (base 8) to base 4
22301022
What is -103 (base 11) in base 2?
-1111100
-25150 (base 9) to base 2
-100000111111101
What is -55c7 (base 13) in base 12?
-6b35
-31677 (base 8) to base 15
-3dd2
-141 (base 7) to base 5
-303
-274 (base 12) to base 13
-22c
-103141 (base 5) to base 8
-6732
-16d6 (base 16) to base 8
-13326
Convert 10132 (base 5) to base 15.
2e7
-1322220 (base 4) to base 3
-101202200
Convert 100101011010010 (base 2) to base 14.
6da2
-16e5 (base 15) to base 2
-1001101001100
Convert -12033 (base 4) to base 6.
-1503
What is 562 (base 11) in base 6?
3041
Convert 100100010111 (base 2) to base 7.
6533
What is -2c79 (base 14) in base 10?
-7947
What is 1267 (base 16) in base 7?
16510
-11d4 (base 14) to base 16
-c36
1328 (base 13) to base 6
20402
Convert -7b8 (base 14) to base 2.
-10111111110
What is 68 (base 14) in base 15?
62
Convert -10319 (base 10) to base 12.
-5b7b
What is -1497 (base 10) in base 4?
-113121
Convert -93 (base 14) to base 12.
-a9
Convert -2110 (base 10) to base 8.
-4076
20d3 (base 15) to base 16
1b24
-2140 (base 6) to base 7
-1302
Convert 10111 (base 7) to base 5.
34313
What is 111111111100 (base 2) in base 14?
16c4
5023 (base 6) to base 14
583
What is 8637 (base 10) in base 4?
2012331
Convert -24772 (base 8) to base 10.
-10746
Convert 695 (base 11) to base 12.
592
-118a (base 16) to base 12
-2722
What is -1583 (base 16) in base 15?
-1972
23446 (base 7) to base 3
22022111
What is -565 (base 13) in base 7?
-2464
Convert 7576 (base 12) to base 13.
5b4a
Convert 1011000100011 (base 2) to base 10.
5667
22c (base 13) to base 4
11320
10000111010 (base 2) to base 15
4c2
-10350 (base 9) to base 10
-6849
Convert 152000 (base 6) to base 15.
4543
What is -3712 (base 12) in base 7?
-24044
What is 6506 (base 8) in base 5?
102043
What is 494 (base 10) in base 15?
22e
Convert -10030 (base 4) to base 5.
-2033
42735 (base 9) to base 10
28301
Convert 201 (base 6) to base 15.
4d
Convert 582 (base 15) to base 7.
3431
Convert 111100010 (base 2) to base 13.
2b1
Convert 1378 (base 16) to base 8.
11570
Convert -14571 (base 10) to base 4.
-3203223
Convert -10532 (base 12) to base 2.
-101001111110110
What is -d8 (base 15) in base 9?
-245
Convert -a317 (base 16) to base 4.
-22030113
-4110 (base 5) to base 6
-2242
What is -253041 (base 6) in base 7?
-123124
12b4 (base 13) to base 12
1676
Convert 1041145 (base 6) to base 5.
3131441
400 (base 10) to base 15
1ba
-85432 (base 9) to base 14
-1682a
What is -101202000 (base 3) in base 6?
-100130
-6645 (base 9) to base 4
-1030211
-10010010001111 (base 2) to base 8
-22217
Convert 1001101100 (base 2) to base 4.
21230
Convert -14061 (base 7) to base 10.
-3816
Convert 1000110111000 (base 2) to base 3.
20020000
-16ba (base 14) to base 13
-1b22
100212 (base 5) to base 13
15aa
What is -712 (base 14) in base 7?
-4022
What is -3770 (base 8) in base 15?
-910
32012 (base 4) to base 13
545
Convert -100110011110 (base 2) to base 3.
-10101012
What is 678 (base 10) in base 3?
221010
Convert 625b (base 12) to base 5.
320402
Convert -1a73 (base 13) to base 8.
-7615
Convert 2035 (base 6) to base 9.
555
413 (base 5) to base 6
300
Convert -1000010000100 (base 2) to base 14.
-1780
41a0 (base 16) to base 14
61a0
-21300120 (base 4) to base 10
-39960
What is -6a45 (base 12) in base 14?
-4473
-631 (base 9) to base 12
-36a
7403 (base 11) to base 10
9804
Convert -2386 (base 11) to base 13.
-155c
-9338 (base 13) to base 14
-759d
Convert 16133 (base 7) to base 8.
10664
241650 (base 7) to base 15
d010
Convert -141124 (base 5) to base 14.
-2177
What is -32030 (base 6) in base 15?
-1443
23311 (base 4) to base 16
2f5
What is -122b2 (base 13) in base 8?
-101236
What is -96a (base 15) in base 7?
-6124
-b67 (base 12) to base 7
-4564
-1357 (base 12) to base 2
-100010110011
What is 10212 (base 4) in base 10?
294
What is 2010 (base 6) in base 5?
3223
-917 (base 10) to base 13
-557
Convert 380c (base 13) to base 9.
11818
Convert 5620 (base 16) to base 12.
10914
Convert 102031 (base 4) to base 7.
3253
Convert 1210202100 (base 3) to base 13.
1323c
Convert -41141 (base 5) to base 3.
-10122221
What is 73190 (base 10) in base 2?
10001110111100110
What is 13 (base 9) in base 2?
1100
-240204 (base 7) to base 5
-2341240
What is -3000213 (base 4) in base 9?
-17816
What is 1102111 (base 3) in base 16?
40f
Convert 11121 (base 5) to base 8.
1422
Convert 1ae (base 15) to base 13.
23c
14044 (base 6) to base 15
9ad
Convert 20614 (base 11) to base 14.
ad27
-1726 (base 13) to base 15
-1027
What is -167a (base 13) in base 8?
-6360
Convert 1935 (base 12) to base 8.
5771
-31040 (base 5) to base 14
-a44
Convert a250 (base 15) to base 7.
201633
-2297 (base 13) to base 14
-1aac
Convert -74 (base 16) to base 8.
-164
What is 410245 (base 7) in base 4?
101002000
-3c21 (base 15) to base 4
-3020320
What is 2320 (base 10) in base 8?
4420
Convert -443343 (base 6) to base 2.
-1001000011001111
-a02 (base 12) to base 4
-112202
626 (base 9) to base 10
510
What is 1aa5 (base 14) in base 11?
3709
What is 454213 (base 6) in base 15?
b639
What is -258b4 (base 13) in base 11?
-48329
What is -32556 (base 8) in b